0*x - 2*x = -10. Let f be w(x). What are the prime factors of 1037/34 - 2/f?
31
Let r be 7/2 - (-1)/2. Suppose 5*l + 6 = -5*m - 14, 0 = -r*m + l - 6. List the prime factors of ((-3)/(-6))/(m/(-80)).
2, 5
Let g be (-4)/(-36) - (-536)/36. Suppose w + 2*w - 63 = -3*n, 5*n = -g. What are the prime factors of w?
2, 3
Let r(g) = 9*g**3 - 7*g**2 + 5*g + 13. What are the prime factors of r(4)?
7, 71
Suppose -4*u = 12, -1918 = -5*f - 5*u + 887. List the prime factors of f.
2, 3, 47
Let c = 4041 + -1101. What are the prime factors of c?
2, 3, 5, 7
Suppose -2*w - 2*f + 36 = 0, -5*w + 25 + 49 = -3*f. Let m = 209 - w. List the prime factors of m.
193
What are the prime factors of ((-14600)/70)/(6/(-21))?
2, 5, 73
Suppose 2*f - 4*s = -14, 2*s - 2 = 8. What are the prime factors of 186*f/(36/8)?
2, 31
List the prime factors of (-3)/(-7) + 460114/203.
2267
Suppose 5*k = 2*x + 33, 3*x + 66 = -2*x - 4*k. Let v(a) = a**2 + 15*a + 18. Let j be v(x). Suppose j*b - 41 = 3*b. What are the prime factors of b?
41
Suppose -4*t - 8 = 0, -5*a - 3*t + 100 + 349 = 0. Suppose -4*h + 97 = -a. List the prime factors of h.
47
Suppose 59*z - 9310 = 54*z. What are the prime factors of z?
2, 7, 19
Suppose 213 = x + 2*a, 4*x - a - 477 = 384. What are the prime factors of x?
5, 43
Let p = -225 - -338. Suppose -3*a + 5*w + 350 = 0, -p = -5*a - w + 517. List the prime factors of a.
5
What are the prime factors of (16/(-12))/((-3)/414)?
2, 23
Let y(m) = -m**3 + 7*m**2 + 8*m. Suppose -14 = -3*p + 10. Let f be y(p). Suppose f = -h + 4*h + 2*c - 38, -2*c + 18 = h. What are the prime factors of h?
2, 5
Let x = -118 - -123. Suppose b + x*r - 2*r = 367, 3*b = -5*r + 1089. What are the prime factors of b?
2, 179
Let i(j) = j - 1. Let w(l) = -l**2 + 18*l - 20. Let f(t) = -4*i(t) - w(t). What are the prime factors of f(21)?
3
Suppose -3*a = 2*a - 20. Suppose 254 = a*q + 30. List the prime factors of q.
2, 7
What are the prime factors of 126/84*2092/6?
523
Let a(b) = -b**2 - 3*b - 2. Let c be a(-1). Suppose c*s = -4*s + 232. List the prime factors of s.
2, 29
Let s = 18 + -23. Let i be (-88)/s*(-5)/(-2). Let k = i - 33. List the prime factors of k.
11
Let c = 21 + -12. Let b be c/((-18)/(-76)) - -2. Suppose z + 2*t - b = 0, 0 = -2*z + 4*t + 110 - 6. List the prime factors of z.
2, 23
Suppose 15 = y - 1. Suppose 0 = -j + y - 7. What are the prime factors of (-2 + j)/((-3)/(-9))?
3, 7
Suppose -5*i + 6198 = 3*q, 4*q + 14*i - 8264 = 12*i. List the prime factors of q.
2, 1033
Let l = -36 - -35. What are the prime factors of -4 + 16 - l/(-1)?
11
Suppose 5*i = -4*r - 0*i + 8777, 2213 = r - 5*i. What are the prime factors of r?
2, 7, 157
Suppose -4*w - 370 = 6*w. Let t = w - -143. What are the prime factors of t?
2, 53
Let d(r) = -r**2 + 5*r + 3. Let c be d(4). Let g = 135 + -130. Suppose g*s = w, -3*w - 3*s = c - 43. List the prime factors of w.
2, 5
Let r be (-7)/(14/(-1084)) + -2. Suppose r + 216 = 4*c. List the prime factors of c.
3, 7
Let t(j) = -599*j**3 + 7*j**2 + 26*j + 16. List the prime factors of t(-2).
2, 13, 23
Suppose -3*w = 11 + 7. What are the prime factors of (-465)/(-10) - w/4?
2, 3
Let k(d) = 59*d + 1. Let w = -23 + 24. List the prime factors of k(w).
2, 3, 5
Let f = -3214 - -7545. List the prime factors of f.
61, 71
Let b be 4/(-26) + (-54)/(-13). Suppose 5*k + b*v + 74 - 437 = 0, -4*k - 2*v = -294. What are the prime factors of k?
3, 5
Suppose -31 = -4*l + 2*x - 5, 4*x - 12 = 0. Suppose -l*s - 660 = -6*s. What are the prime factors of 6/8 - s/8?
2, 3, 7
Suppose -w - 4*a - 12 = -211, 2*w + 4*a = 382. List the prime factors of w.
3, 61
Let g = 136 + -207. Let v = g + 123. List the prime factors of v.
2, 13
Suppose 10*q = 9577 + 7043. List the prime factors of q.
2, 3, 277
What are the prime factors of 192 + (-3 - (0 - -2))?
11, 17
Suppose -120 = 12*x - 8*x. Let a = x + 100. What are the prime factors of a?
2, 5, 7
Suppose 0 = -7*y + 3*y - 1060. Let m = -119 - y. List the prime factors of m.
2, 73
Suppose 3*m + 45 = 2*m. Let c = 108 + m. Let g = 103 - c. What are the prime factors of g?
2, 5
Suppose 7*w + 12*w - 50711 = 0. List the prime factors of w.
17, 157
Suppose -27*d - 3*d = -33720. List the prime factors of d.
2, 281
Suppose 542 = 8*r - 234. Let j = -56 + r. List the prime factors of j.
41
Suppose p - 4*p = 0. What are the prime factors of -29*(p + 1 + -2)?
29
Suppose -1 = 2*i - 4*b + 1, -5*b = 4*i - 35. Suppose -i*p = 3*s - 7*s + 206, -114 = -2*s - 3*p. List the prime factors of s.
2, 3
Let f be (-104)/(-40) - (-6)/(-10). Suppose -f = -2*s + 4. What are the prime factors of 20 - 1*(0 - s)?
23
Suppose -165 - 85 = -5*u. Suppose 0 = 5*q - 5*o + 160, -4*o - 124 = 4*q - 7*o. Let m = u + q. List the prime factors of m.
2, 11
Suppose -22*r - 33453 = -103*r. List the prime factors of r.
7, 59
Suppose 0 = -4*p - 2*w + 10, -8 + 1 = -3*p - w. Suppose -p*b + 0*b = 162. Let t = -52 - b. List the prime factors of t.
29
Suppose 4*n + 3*c = -0*n + 517, -640 = -5*n - 5*c. Let b = 218 - n. List the prime factors of b.
5, 17
Let a be (6/(-2))/((-3)/4). Suppose a*t = -n + 773, -3*t + 186 = 3*n - 405. Suppose 4*d - t = -0*d. List the prime factors of d.
2, 3
Suppose -5*t = 2*t - 1981. List the prime factors of t.
283
What are the prime factors of 6 - 6 - (3/(-3) - 271)?
2, 17
Let s(w) = -1. Let g(q) = -8*q - 3. Let y(b) = g(b) - 6*s(b). Let c be y(-2). What are the prime factors of (c/2)/(3/6)?
19
Let c(g) = -30*g - 126. What are the prime factors of c(-20)?
2, 3, 79
Suppose w + 6 = 2*k, -3*k - w - w = -23. Suppose 890 = k*o + 230. What are the prime factors of o?
2, 3, 11
Let a = 9 - 20. Let d = -9 - a. Suppose d*o - 44 = -2*c, 0 = -0*c + 2*c - 3*o - 34. List the prime factors of c.
2, 5
Let f(q) = -46*q + 15. List the prime factors of f(-10).
5, 19
Let x(r) = r**3 + 15*r**2 + 8*r + 36. What are the prime factors of x(-9)?
2, 3, 5
Suppose 0*w = -w + 1. Let g be 9 + 4/(-2) + w. List the prime factors of ((-20)/g)/(4/(-8)).
5
Suppose 5*t - 913 = -3*m + 2186, 0 = t + 4*m - 630. What are the prime factors of t?
2, 3, 103
List the prime factors of ((-1)/3)/(23/(-57891)).
839
Let o = 2241 - 1055. What are the prime factors of o?
2, 593
List the prime factors of 9/(297/6) + (-16370)/(-110).
149
Let z be 27/(-18)*4/3. List the prime factors of (z/8)/((-3)/24).
2
Let g(p) = -p**3 - 15*p**2 - 11*p - 15. Let x be g(-13). List the prime factors of -1 - -2 - x/5.
43
Let i = 6 - 5. Let m(a) = 4 + 6*a + 3 + i. List the prime factors of m(4).
2
Suppose 5*w - 20 = 0, 4*s + w - 34 = -s. Let v(z) = z**3 - 5*z**2 - 5*z - 4. Let t be v(s). Let j(b) = 5*b**2 + 3*b - 1. What are the prime factors of j(t)?
5
Let w = -7 + 35. Let i = 30 - w. List the prime factors of i.
2
Suppose 0 = 4*m - 0*m + 3*z + 19, 3*z = -15. Let t(k) = -5*k**2 - 3*k - 1. Let g be t(m). Let p(u) = 3*u**2 - 6*u - 6. What are the prime factors of p(g)?
3, 13
Suppose -3*c = -29 + 17. Let l be (-1 + 3)/((-4)/(-6)). What are the prime factors of ((-14)/c + l)*-30?
3, 5
Let b(z) be the second derivative of -z**4/12 + 4*z**3/3 + z**2/2 + 21*z. List the prime factors of b(6).
13
Let b(s) = -s**2 + 7*s + 9. Let j be b(8). Suppose -4*r = -26 - 70. Suppose 5*v - j = r. What are the prime factors of v?
5
Suppose -3*b - 120 = -0. Let m = -15 - b. Let a = -6 + m. List the prime factors of a.
19
Let c be 2 - (1967 - -1)/4. Let g = 688 + c. List the prime factors of g.
2, 3, 11
Suppose 2*d - 5*t - 224 = 81, 4*t = 2*d - 308. List the prime factors of d.
2, 5
Suppose 4*f - 236 = -n, 0 = 4*n + 8*f - 13*f - 839. List the prime factors of n.
2, 3
Suppose 187 = 24*h - 14597. List the prime factors of h.
2, 7, 11
Suppose 3*q - u - 268 = -6*u, -4*u = -4*q + 400. Let o be (-8)/(-48) - (-53)/6. What are the prime factors of q/21 + o/21?
5
Let z(b) be the second derivative of -5/3*b**3 + 1/12*b**4 + 9/2*b**2 - 4*b + 0. What are the prime factors of z(11)?
2, 5
Let a(y) = 3*y**2 + 29*y - 12. Let c(b) = b**2 + 10*b - 4. Let m(q) = -2*a(q) + 7*c(q). What are the prime factors of m(-15)?
41
Suppose 28*v - 33*v = 3*u - 2719, 0 = -5*v - 20. List the prime factors of u.
11, 83
Suppose -8 = -2*c + 4. Suppose 0 = -3*t - 4*o - 3, o - c*o = 2*t + 9. Suppose -25 = 4*f + f, -t*n - 3*f = -138. List the prime factors of n.
3, 17
Let v be ((-3)/3)/(5/(-35)). Let t = v + -1. Suppose 0 